873?
11, 13, 107, 4973
What are the prime factors of 873558523?
873558523
List the prime factors of 470955327.
3, 257, 610837
List the prime factors of 758623615.
5, 29, 41, 127607
What are the prime factors of 1803886173?
3, 66810599
What are the prime factors of 364379250?
2, 3, 5, 47, 10337
What are the prime factors of 14205751?
7, 71, 101, 283
List the prime factors of 20579805.
3, 5, 152443
List the prime factors of 412414296.
2, 3, 7, 2454847
List the prime factors of 231662150.
2, 5, 29, 197, 811
List the prime factors of 46679184.
2, 3, 324161
What are the prime factors of 53531710?
2, 5, 827, 6473
List the prime factors of 84385185.
3, 5, 311, 18089
What are the prime factors of 2120255342?
2, 1999, 530329
What are the prime factors of 4498905753?
3, 47, 3545237
List the prime factors of 5736082150.
2, 5, 114721643
List the prime factors of 5423977.
13, 31, 43, 313
List the prime factors of 77114063.
13, 331, 17921
What are the prime factors of 91055975?
5, 3642239
List the prime factors of 662657518.
2, 17, 61, 283, 1129
List the prime factors of 8624020726.
2, 4312010363
List the prime factors of 1235961222.
2, 3, 11483, 17939
List the prime factors of 124298421.
3, 13, 163, 19553
List the prime factors of 35083391.
7, 149, 33637
List the prime factors of 5228714835.
3, 5, 263, 16363
What are the prime factors of 82279936?
2, 271, 593
List the prime factors of 1936371251.
61, 683, 46477
List the prime factors of 78246281.
78246281
List the prime factors of 2274975301.
307, 1567, 4729
What are the prime factors of 213475153?
213475153
List the prime factors of 963507548.
2, 1453, 165779
What are the prime factors of 207709618?
2, 59, 1237, 1423
List the prime factors of 3685415307.
3, 7, 175495967
List the prime factors of 25453837.
47, 541571
List the prime factors of 21496500.
2, 3, 5, 17, 281
List the prime factors of 295703521.
41, 1279, 5639
What are the prime factors of 227117661?
3, 75705887
List the prime factors of 1883606.
2, 263, 3581
What are the prime factors of 4602924916?
2, 17891, 64319
What are the prime factors of 73903915?
5, 3613, 4091
List the prime factors of 375362128.
2, 89, 263597
What are the prime factors of 166386396?
2, 3, 11, 1019, 1237
What are the prime factors of 1912534033?
37, 229, 225721
List the prime factors of 63705053.
227, 280639
List the prime factors of 3113217390.
2, 3, 5, 479, 216647
What are the prime factors of 2180373?
3, 13, 37, 1511
What are the prime factors of 1067721155?
5, 9461, 22571
List the prime factors of 1279210076.
2, 233, 1372543
List the prime factors of 294188402.
2, 147094201
What are the prime factors of 116538569?
7, 16648367
List the prime factors of 330159872.
2, 7, 184241
List the prime factors of 1120959767.
5881, 190607
What are the prime factors of 1255575596?
2, 11, 17, 1678577
What are the prime factors of 114428450?
2, 5, 19, 23, 5237
List the prime factors of 1035544130.
2, 5, 709, 146057
List the prime factors of 592608334.
2, 2711, 109297
What are the prime factors of 1065060794?
2, 7, 76075771
What are the prime factors of 542874779?
542874779
List the prime factors of 947536451.
23, 139, 311, 953
What are the prime factors of 3717531285?
3, 5, 13, 23, 828881
List the prime factors of 6775671560.
2, 5, 7, 503, 48109
List the prime factors of 100943908.
2, 13, 1941229
What are the prime factors of 7681808519?
7, 11, 7039, 14173
What are the prime factors of 3566942211?
3, 7, 24264913
List the prime factors of 87370062.
2, 3, 13, 223, 5023
What are the prime factors of 275733574?
2, 17, 317, 25583
What are the prime factors of 1133015122?
2, 3613, 156797
What are the prime factors of 100456290?
2, 3, 5, 11, 29, 3499
What are the prime factors of 299233803?
3, 11, 29, 312679
List the prime factors of 77950561.
13, 89, 757
List the prime factors of 2188090518.
2, 3, 43, 8480971
What are the prime factors of 57846560?
2, 5, 361541
What are the prime factors of 76901245?
5, 2309, 6661
List the prime factors of 257601281.
7, 5257169
List the prime factors of 11909068.
2, 151, 19717
List the prime factors of 26277715.
5, 59, 281, 317
List the prime factors of 1737142223.
17957, 96739
What are the prime factors of 73900733?
307, 240719
List the prime factors of 102980185.
5, 7, 11, 267481
What are the prime factors of 1825945519?
1825945519
What are the prime factors of 601201739?
149, 4034911
What are the prime factors of 35287447?
13, 2714419
List the prime factors of 1424965652.
2, 11, 107, 293, 1033
List the prime factors of 36947029.
7, 47, 61, 263
What are the prime factors of 5924574124?
2, 7, 2909, 10391
List the prime factors of 456258650.
2, 5, 61, 227, 659
What are the prime factors of 78481613?
7, 11211659
What are the prime factors of 1551713619?
3, 517237873
List the prime factors of 1466624145.
3, 5, 7, 751, 2657
List the prime factors of 4540068963.
3, 504452107
List the prime factors of 1008531151.
1008531151
What are the prime factors of 1308810435?
3, 5, 37, 983, 2399
What are the prime factors of 92668658?
2, 179, 313, 827
List the prime factors of 57062476.
2, 14265619
What are the prime factors of 34554915?
3, 5, 67, 73, 157
What are the prime factors of 202566876?
2, 3, 199, 84827
List the prime factors of 17106606.
2, 3, 11, 31, 929
What are the prime factors of 103556858?
2, 37, 1399417
What are the prime factors of 49309624?
2, 7, 13, 67733
What are the prime factors of 633204329?
23, 1567, 17569
What are the prime factors of 13860812?
2, 7, 23, 21523
What are the prime factors of 318615607?
318615607
List the prime factors of 635236322.
2, 7, 251, 180773
What are the prime factors of 4349506?
2, 7, 67, 4637
List the prime factors of 2365456936.
2, 295682117
What are the prime factors of 5179142344?
2, 17, 67, 568387
What are the prime factors of 28475605?
5, 569, 10009
List the prime factors of 159813768.
2, 3, 233, 28579
List the prime factors of 3048078137.
13, 234467549
What are the prime factors of 56246998?
2, 41, 685939
What are the prime factors of 20018546?
2, 10009273
List the prime factors of 6240783.
3, 2080261
List the prime factors of 79134032.
2, 673, 7349
List the prime factors of 49318427.
31, 1590917
What are the prime factors of 45889705?
5, 9177941
List the prime factors of 95181149.
7, 167, 81421
What are the prime factors of 2862588429?
3, 491, 557, 1163
What are the prime factors of 3961918481?
137, 28919113
What are the prime factors of 41153354?
2, 11, 19, 98453
List the prime factors of 127243066.
2, 63621533
What are the prime factors of 2561080901?
47, 2237, 24359
List the prime factors of 111949567.
103, 547, 1987
What are the prime factors of 152337084?
2, 3, 307, 41351
List the prime factors of 594198523.
594198523
What are the prime factors of 306274022?
2, 153137011
List the prime factors of 387888777.
3, 241, 59611
What are the prime factors of 78223327?
7, 13, 71, 12107
List the prime factors of 203288902.
2, 7817, 13003
List the prime factors of 9171285.
3, 5, 611419
What are the prime factors of 214279679?
17, 79, 159553
What are the prime factors of 688888333?
7, 3989, 24671
List the prime factors of 258269504.
2, 271, 14891
List the prime factors of 5869459952.
2, 1069, 343163
List the prime factors of 1363885717.
23, 109, 544031
List the prime factors of 26865815.
5, 5373163
What are the prime factors of 119596852?
2, 859, 34807
What are the prime factors of 69010473?
3, 7, 151, 3109
List the prime factors of 135059507.
11, 12278137
List the prime factors of 308097330.
2, 3, 5, 10269911
What are the prime factors of 728605765?
5, 1607, 90679
What are the prime factors of 5229033200?
2, 5, 83, 239, 659
List the prime factors of 240233474.
2, 13, 613, 15073
List the prime factors of 141032513.
141032513
List the prime factors of 22759037.
7, 101, 32191
What are the prime factors of 3232924871?
11, 173, 1698857
What are the prime factors of 57356455?
5, 13, 691, 1277
List the prime factors of 553947400.
2, 5, 313, 8849
List the prime factors of 1125986319.
3, 139, 300023
What are the prime factors of 381047377?
47, 269, 30139
What are the prime factors of 4641292684?
2, 7, 89, 1862477
What are the prime factors of 56920739?
56920739
List the prime factors of 17902150.
2, 5, 7, 7307
What are the p